 common factor of 4 and r.
2
Let p(j) = j - 4. Let t(n) = n - 5. Let h(x) = 5*p(x) - 4*t(x). Let l be h(-8). Let a be ((-65)/(-2))/((-4)/l). What is the greatest common divisor of 26 and a?
13
Let y = 27 - 20. Let n(q) = -q**2 - q + 3. Let t be n(0). Suppose -7*k = -t*k - 140. Calculate the greatest common divisor of y and k.
7
Suppose 4*m - 330 = m. What is the greatest common factor of 10 and m?
10
Let r(x) = x**2 + 8*x + 2. Let i be 1*(-18)/((-2)/(-1)). Let a be r(i). What is the highest common factor of 77 and a?
11
Suppose 5*b - 6 = -0*d - 3*d, -3*b = -5*d - 24. Suppose -m - 5*p - 42 = 0, -m + p = b*m + 84. Let q = m + 49. Calculate the highest common factor of 9 and q.
9
Suppose -36 = -3*o + o. Let k be (-41)/(-5) + (-1)/5. Let f be o/k + 2/(-8). What is the greatest common divisor of f and 6?
2
Let w(n) = 15*n - 106. Let m be w(10). What is the greatest common factor of 55 and m?
11
Suppose r - 18 = 13. Let d = 53 - r. What is the highest common divisor of 11 and d?
11
Let p(s) = -s**3 + 14*s**2 - 17*s + 15. Suppose 2*w + m - 20 = 0, w + 3*w = 3*m + 60. Let t be p(w). Calculate the greatest common factor of t and 11.
11
Let z(x) = 2*x**2 - 7*x + 2. Suppose 2*m + 0 - 12 = 0. Let k be z(m). Calculate the greatest common divisor of 80 and k.
16
Suppose -4*o - r + 58 = -90, -4*r = -3*o + 92. Let q = -40 - -58. Calculate the greatest common factor of o and q.
18
Suppose 0 = c + 1. Let i(x) be the first derivative of -13*x**2/2 - 1. Let p be i(c). Calculate the highest common divisor of 104 and p.
13
Let w be (-36)/45 - (208/(-10) + -1). Calculate the highest common divisor of w and 168.
21
Let p(n) = n - 4. Let u be p(6). Let o be (-9)/(5 - u)*-25. Calculate the greatest common factor of 15 and o.
15
Suppose k - 33 + 12 = 0. Let g = k + -20. Let w(c) = -c**2 - 5*c + 3. Let n be w(-5). What is the greatest common divisor of n and g?
1
Let z be 6412/196 - (-2)/7. Calculate the greatest common divisor of 11 and z.
11
Let m = 6 + 29. Calculate the highest common divisor of m and 385.
35
Let a(m) = -17*m - 4. Let s(g) = g**2 + 14*g - 2. Let b be s(-14). Let v be a(b). What is the highest common factor of 45 and v?
15
Let n = -13 + 41. Suppose 7 + 21 = 4*c. Calculate the highest common factor of n and c.
7
Suppose y - j - 3*j + 9 = 0, 0 = 3*y + 3*j - 33. Let w = -11 - 24. Let i be (0 + w)/(1 - 2). What is the greatest common divisor of y and i?
7
Let t(l) = -2*l**3 - 2*l**2 - 4*l - 3. Let i be t(-3). Suppose -4*v - 4*z + 70 = -6, 0 = -2*v - z + 34. What is the highest common divisor of i and v?
15
Let i be (-9)/6*(-4)/6. Suppose -31 = -3*c - i. Suppose 4*d + 2*o = -d + 34, 2*o = -2*d + c. Calculate the greatest common divisor of d and 16.
8
Let s(c) = 4*c**2 + 5*c + 7. Let y be ((-5)/2)/((-3)/6). Let m be s(y). What is the greatest common divisor of m and 12?
12
Let q = -13 - -21. Let d = 23 - -9. What is the highest common factor of d and q?
8
Suppose 2*x + 3*x = 60. Calculate the greatest common factor of 84 and x.
12
Let a(n) = -54*n - 34. Let q be a(-6). What is the highest common factor of q and 116?
58
Let h be (-128)/(-9) - -1 - 10/45. What is the greatest common factor of h and 45?
15
Let v(f) = 8 + 3*f**2 - f**2 - 3*f**2. Let s be 0/((-1 + 2)*1). Let o be v(s). Calculate the greatest common factor of o and 12.
4
Suppose -i + 43 + 18 = 0. Let u = 87 - i. What is the highest common factor of 39 and u?
13
Suppose -4*m - s + 25 = -2*s, m = -s. Let i(g) = g**3 - g**2 + g + 20. Let v be i(0). Calculate the highest common factor of m and v.
5
Let f(t) = 6*t**2 + t + 1. Let y be f(-2). Suppose y = n - 12. What is the greatest common divisor of 14 and n?
7
Suppose 4*k - 116 = -2*h, h - 3 = 1. Let d = k - 21. Calculate the greatest common factor of d and 2.
2
Let b(r) = 4*r - 26. Let y be 7/28*(1 + 43). Let q be b(y). What is the greatest common divisor of 45 and q?
9
Let k be (-211)/(-4) - (-3)/(-4)*1. Calculate the highest common divisor of k and 130.
26
Let p be (-819)/(-24) - (-6)/(-48). Calculate the highest common factor of p and 408.
34
Let v(f) = f**3 + 12*f**2 - 6 - 17*f**2 - 3*f**3. Let k be v(-5). Calculate the greatest common factor of k and 17.
17
Suppose 2*s + 2*h - 36 = 6*h, 5*s = 4*h + 84. Let n be 2 + (28 - (-3 - -1)). Calculate the highest common factor of n and s.
16
Let v(b) = -8*b - 24. Let o be v(-7). Calculate the highest common factor of 96 and o.
32
Suppose 3*y + 0*x - 38 = 4*x, -14 = -2*y - 3*x. Suppose -2 = -4*s + 4*l + y, 5*s + 4*l = 15. Calculate the greatest common factor of 3 and s.
3
Let l(b) = 2*b**2 - 4*b - 3. Let k = 6 - 4. Let m = k - 4. Let v be l(m). What is the greatest common divisor of v and 91?
13
Let f(o) = o**2 + 6*o - 3. Let k be f(-8). Suppose -5*x = 0, 2*l + 78 = 5*l - x. Calculate the highest common divisor of l and k.
13
Suppose -2*x + 202 = 4*a, -3*a = -0*a - 5*x - 171. Calculate the greatest common factor of 13 and a.
13
Let g(t) = -t**2 - 4*t - 3. Let u be g(-3). Suppose u*z + 4 = 4*z. Calculate the highest common factor of z and 9.
1
Let j be (-326)/(-14) + 2/(-7). Suppose -115 = -23*m + 18*m. What is the highest common divisor of j and m?
23
Let r(k) = -k + 2. Let u = 10 + -17. Let y be r(u). Let v be 4/18 + 34/y. Calculate the greatest common factor of 16 and v.
4
Let j be 4/(-18) + 2584/(-36). Let l = j - -107. What is the highest common factor of 5 and l?
5
Let f(h) be the second derivative of -h**4/12 - 3*h**3/2 - 7*h**2/2 - 2*h. Let c be f(-7). What is the highest common factor of c and 1?
1
Let k(d) = 5*d + 5. Suppose -w - 8 - 8 = y, 5*y - 5*w = -30. Let h be 6/3*y/(-2). Let i be k(h). Calculate the highest common factor of 12 and i.
12
Let h be 1*(-1 + 2) - -55. Suppose w = -r + 30, -4*r - 104 = w - 5*w. Calculate the greatest common divisor of h and w.
28
Let l(s) = 9*s - 15. Let b(u) = 19*u - 31. Let a(c) = -6*b(c) + 13*l(c). Let g be a(7). What is the highest common factor of 12 and g?
12
Let n(w) be the first derivative of w**3/3 + w**2/2 - 10*w - 4. Let y be n(-5). What is the highest common factor of 4 and y?
2
Let k be 5 + 0 - 0/3. Let y = 5 - -15. Calculate the greatest common divisor of k and y.
5
Let w = 55 - -75. Calculate the greatest common divisor of w and 52.
26
Suppose 2*p - 3*p = -7. Let j = p - 3. Calculate the highest common divisor of j and 8.
4
Suppose -2*z - 8 = -14. What is the highest common divisor of 27 and z?
3
Let u = -1 + 2. Let l be 80/(-6)*-3*u. Suppose -4*c = 2*a - 26, -2*c = -4*a - 0 + 12. Calculate the greatest common divisor of a and l.
5
Let s(n) = -2*n**2 - 2*n + 1. Let q be s(1). Let u be (-1232)/(-12) - 1/q. Let k = 160 - u. Calculate the highest common divisor of k and 38.
19
Let i be 9/45 - ((-2007)/15 + 2). Let u(l) = l**2 + 12. Let a = -1 + 1. Let d be u(a). Calculate the highest common factor of i and d.
12
Suppose 2*c = 45 + 107. What is the greatest common factor of 19 and c?
19
Let w = 10 + -7. Suppose -w*d = 15, -18 = -3*m + 2*d + 19. Calculate the greatest common factor of m and 27.
9
Suppose 1 = -4*n + 5. Suppose 0 = l + 11 + 14. Let g be (3 + l)/(-2 - 0). Calculate the highest common divisor of n and g.
1
Suppose z - 5*z + 8 = 0. Let t(l) = 14*l + 2. Let v be t(z). Let j = v - 18. What is the highest common divisor of 84 and j?
12
Suppose 0 = -4*i + 76 + 68. Calculate the greatest common divisor of i and 90.
18
Let x(o) = o**2 - o + 17. Let d be x(0). Let h = 15 + d. What is the highest common factor of 8 and h?
8
Suppose 2*q - 40 = 2. What is the greatest common divisor of 126 and q?
21
Let c(m) = m**3 - 5*m**2 - 2*m. Let l be c(6). Calculate the highest common factor of l and 6.
6
Let c = 27 - -7. Let d = -16 + c. Let n be 2/3 - 1452/(-9). What is the greatest common divisor of d and n?
18
Let m(u) = 22*u**2 - 12*u + 25. Let a be m(3). What is the greatest common factor of 11 and a?
11
Suppose -5*g + 16 + 9 = -2*u, 2*g = -4*u - 14. Suppose -g*w + 0 = 3. Let t be 14 - (-1 - w - 1). What is the greatest common factor of t and 10?
5
Suppose -q + 1 = -6. What is the highest common factor of 28 and q?
7
Let s = 44 - 26. Let h(o) = 23*o**2 - 3*o. Let l be h(3). Calculate the greatest common factor of s and l.
18
Let m be 3*(-4)/(4 + -8). Suppose 5*w + 4*g = 194 - 69, 0 = 2*w + m*g - 50. Let l be 1*4*(-5)/(-4). What is the highest common 